.
4
Let d(c) = -35*c - 87. What is the remainder when 27 is divided by d(-3)?
9
Let o = 362 + -107. What is the remainder when o is divided by 43?
40
Suppose 2*y + u = -1, -3*y - 2*u - 6 = -2. What is the remainder when -3*(6 + 66/(-9)) is divided by y?
0
Let j = -19 - -24. Suppose -5*n + 10*n = -4*p + 106, 86 = j*n - p. What is the remainder when n is divided by 11?
7
Let t(p) = -2*p**2 - 20*p - 27. Calculate the remainder when 389 is divided by t(-7).
14
Let v(q) = -q**2 - q + 107. Let b be v(0). Suppose -4*p - 3*o = -4*o - b, -2*p + 41 = -3*o. What is the remainder when 2910/10670 - 899/(-11) is divided by p?
26
Suppose 24*y - 20*y + 2194 = 3*l, 1471 = 2*l - y. What is the remainder when l is divided by 124?
118
What is the remainder when (-4)/6 - (-3 - 1441/33) is divided by 27?
19
Suppose 2*y + 3*a - 105 = -2*y, -a + 27 = y. Let r(j) = -j**3 + 7*j**2 + 21*j - 12. What is the remainder when r(8) is divided by y?
20
Let a = -1825 - -1850. Let t = 224 - 131. What is the remainder when t is divided by a?
18
Suppose -4*l + 68 = -4*y, -4*y - 47 = -5*l + 40. Suppose -l = -3*m + 395. Suppose -3*d = 27 - m. Calculate the remainder when d is divided by 8.
5
Suppose 2*g - 5*p = -29, 2*g - 3 = 2*p - 17. Suppose -9 = -4*h + 139. What is the remainder when h is divided by ((-2)/4)/(1/g)*10?
7
Let d = -323 - -927. What is the remainder when d is divided by 151?
0
What is the remainder when (-28)/(-42) + (-170)/(-6) is divided by 27?
2
Suppose 5*x - 128 = -4*f, 0*f + 5*f + 15 = 0. Calculate the remainder when 40 is divided by x.
12
Let d be (2 - 4)/(4/(-6)). Suppose -d*q - 32 = -107. What is the remainder when 73 is divided by q?
23
Suppose o - 38 = 136. Suppose 8*u = 6*u + o. Calculate the remainder when u is divided by (-296)/(-10) - (-6)/15.
27
Let h(n) = 13*n - 151. What is the remainder when 71 is divided by h(13)?
17
Let p(c) = 11*c**2 + c + 4. Let b be p(3). Suppose -38 = 4*h - b. Let a = -11 + 20. What is the remainder when h is divided by a?
8
Let h(s) = -s**2 - 8*s - 9. Let w be h(-4). Suppose a = w + 6. What is the remainder when 50 is divided by a?
11
Let p(u) = 11 + 10*u**2 - 4 - 2*u**2 - u**3 + u - 4*u. Suppose -7*j + 3*j = -28. Calculate the remainder when p(j) is divided by 18.
17
Calculate the remainder when 220 is divided by ((-592)/(-24))/(3/9).
72
Let v be -24*(5/(-30))/(2/56). Suppose z = 17*z - v. Let f = 14 - 2. Calculate the remainder when f is divided by z.
5
Suppose -6*p + 5*p + 69 = 0. Calculate the remainder when p is divided by 19.
12
Suppose 0 = -257*d + 263*d - 252. Calculate the remainder when 269 is divided by d.
17
Suppose 0 = -5*l + 4*l + h - 52, l = -h - 56. Let z = l + 56. What is the remainder when 7 is divided by z?
1
Suppose x + 14 = 16. Suppose 0*s + 3*s - 2*v - 56 = 0, 4*v + 48 = x*s. Calculate the remainder when s is divided by 6.
4
Suppose -4*l + 2*n + 162 = -0*n, -3*n = 2*l - 85. What is the remainder when 450 is divided by l?
40
Let w(s) = 3*s**2 + 4*s - 2. Let j be w(3). Suppose 5*v = -5*i + 105, -2*i = -v + j - 7. Calculate the remainder when v is divided by 13.
11
Suppose 0 = -l + g + 108 + 206, 5*l + 5*g - 1590 = 0. Suppose -5*w = -q + 79, q = -3*q - 4*w + l. What is the remainder when q is divided by 41?
38
Suppose 2*q + d = 361, 0*d + d = q - 179. Let y = q - 155. Let c = -175 - -248. What is the remainder when c is divided by y?
23
Suppose -5*g - j = -1683, -4*j + 92 = -5*g + 1785. What is the remainder when g is divided by 86?
79
Let k(u) = -u**3 + 10*u**2 - 7*u - 3. What is the remainder when 126*(2 + 30/(-18)) is divided by k(9)?
12
Let x = 975 - 862. What is the remainder when x is divided by 23?
21
Let z = -174 + 193. Calculate the remainder when 112 is divided by z.
17
Let w be 7/((-7)/(-5)) + 6. Let j = -8 - -6. What is the remainder when 42 is divided by j*w*(-1)/2?
9
Let f(t) = 2*t**2 + 2*t + 4. Let m be f(3). Let d = 165 - m. Calculate the remainder when d is divided by 14.
11
Let f be 122 - 8/(2 - -2). Suppose o + o - f = 0. Calculate the remainder when o is divided by 16.
12
Suppose 1 = -4*d + 21. Suppose 4*j - d*j + 3 = 0. Let f = 1700 + -1690. Calculate the remainder when f is divided by j.
1
Let b(k) = -5*k + 41. Let c be b(9). Let w(l) = -4*l - 1. Calculate the remainder when w(c) is divided by 4.
3
What is the remainder when (-200)/120 - (-227)/3 is divided by (-2 + (-3)/(-2))*-38?
17
Suppose -d = 5*k - 5, -d - 11 = 2*k + 2*d. What is the remainder when 22 is divided by -8 + 11 - (k - 5)?
4
Suppose 28*c - 23*c - 2*u - 90 = 0, 3*c - 2*u = 54. Calculate the remainder when 105 is divided by c.
15
Suppose 34*k - 124 = 30*k - 2*j, -4*k + j = -136. Calculate the remainder when 195 is divided by k.
30
Suppose 2*o - 3*o + 128 = 3*g, -5*o = -2*g - 725. Suppose 3*r - o = 64. Calculate the remainder when r is divided by 36.
33
Suppose 0 = k + 7 - 4, 3*i - 5*k = 24. Suppose -i*n - 5*t + 21 = 0, 2*n + 2*t + 0*t - 18 = 0. Calculate the remainder when 18 is divided by n.
6
Let u(k) = -7*k + 1. Suppose -4*v + 2 = -5*v. What is the remainder when 14/((-2)/(-2 + -2)) is divided by u(v)?
13
Let i be 1/((-1 - 3)/(-16)). Suppose -166 = -5*l + 3*s - 11, 62 = 2*l - i*s. What is the remainder when l is divided by 8?
7
Let r = 1 + -14. Let z(a) = -2*a - 19. Calculate the remainder when 20 is divided by z(r).
6
What is the remainder when ((-4)/9 - 12234/54)/(-1) is divided by 19?
18
Suppose 15 = -5*l, -5*d - 9 + 3 = -3*l. What is the remainder when (-48)/(4 - (-14)/d) is divided by (-30)/(-4)*(0 - -2)?
12
Let n(b) = 7*b**2 + 4*b + 2. Suppose 4802*x - 4803*x = -85. Calculate the remainder when x is divided by n(-2).
19
Let l = -73 + 209. What is the remainder when l is divided by 1 - (-3 - -4) - -35?
31
Let n = 135 - 122. What is the remainder when (-113)/(-5) + (-6)/(-15) is divided by n?
10
Let g(z) = -7*z**2 + 5*z - 14. Let h be g(2). Let u = h - -35. What is the remainder when 9 is divided by u?
0
Suppose 0 = 5*v - 125 - 325. Calculate the remainder when v is divided by 47.
43
Let t(m) = 2*m**3 + 33*m**2 - 19*m - 7. Calculate the remainder when 80 is divided by t(-17).
26
Suppose 1 = r - 2. What is the remainder when 39 is divided by (14/(-6))/((-1)/6) - r?
6
What is the remainder when 56 is divided by 58/(-12)*(-44 - -38)?
27
Suppose 25*t = 1641 + 6409. What is the remainder when t is divided by 27?
25
Let k be (1/2 + 0)/(5/(-80)). Let f = k + 41. Calculate the remainder when f is divided by 9.
6
Let b(w) = w**3 + 7*w**2 - 17*w - 62. Let r = -2 + 22. Calculate the remainder when b(-7) is divided by r.
17
Suppose 201 = -36*g + 921. Calculate the remainder when 54 is divided by g.
14
Suppose 140 - 257 = -9*z. What is the remainder when z is divided by 11?
2
Let q = -1862 + 1875. Calculate the remainder when 364 is divided by q.
0
Let d = 31 - 10. Let a = d - 21. Suppose -4*v + 5*w + 15 = -a*v, -2*w + 10 = 0. Calculate the remainder when 38 is divided by v.
8
Suppose -7*v + 4*v = -12, -2*w = -v + 4. Let h = 22 + w. Calculate the remainder when h is divided by 6.
4
Let y = -43 - -123. Calculate the remainder when 477 is divided by y.
77
Let h be 44/(-6) - 12/18. Suppose -3*z + 2*z = 1. What is the remainder when 30 is divided by 4/h*-34 + z?
14
Suppose 0 = -4*x + 5*l + 5 + 1, 0 = x - 4*l - 7. Calculate the remainder when 34 is divided by (96/56)/(x/(-7)).
10
Suppose -26 = -4*y + 30. Suppose 5*w = y + 21. Let s = 213 + -210. What is the remainder when w is divided by s?
1
Let c = 495 + -409. What is the remainder when 169 is divided by c?
83
Let q = -234 - -242. Let n = -5 - -8. Suppose -n*i = i - 116. What is the remainder when i is divided by q?
5
Let d = 46 - 31. Suppose 3*z = 4*z - 5. Suppose z*y = 2*y + 129. Calculate the remainder when y is divided by d.
13
Suppose 25 = -5*s, 0*r - 5*s + 190 = 5*r. Suppose 0 = -2*y + 5 + r. What is the remainder when y is divided by 13?
11
Let j = -2089 + 2113. Let f = -307 - -474. What is the remainder when f is divided by j?
23
Suppose 8*m + 6 = 10*m. Suppose 5*p = 2*h - 19, -m*p = 2*h - 32 - 27. What is the remainder when 64 is divided by h?
20
Suppose -2*w + 151 = -157. What is the remainder when w is divided by 12?
10
Let g(f) = 2*f - 16. Let n be g(11). Suppose -24 - 30 = -n*u. What is the remainder when 11 is divided by u?
2
Let j(d) be the second derivative of